p + 2*q + m. What is the greatest common divisor of p and 110?
22
Let p = 1949 + -1914. Let g(h) = h**3 + 5*h**2 - 8*h - 5. Let u be g(-6). Calculate the greatest common divisor of u and p.
7
Let z be 61 - (8/(-10) - 54/45). Calculate the greatest common divisor of z and 81.
9
Suppose 0 = 695*c - 701*c + 84. Calculate the greatest common divisor of c and 2.
2
Suppose 5*z - c = 2*c - 2, 20 = 2*z + 4*c. Let q(l) = -5*l - 7. Let s be q(-3). What is the highest common factor of z and s?
2
Let r = -5 + -1. Let i(x) = x**2 + 2*x - 2. Let p be i(r). Let b = -717 - -772. What is the greatest common factor of b and p?
11
Let j be (18/12)/((-1)/22). Let b(a) = a**3 - 4*a**2 + 5*a - 3. Let u be b(5). Let f = j + u. What is the greatest common divisor of 154 and f?
14
Let j = -1078 + 1086. Calculate the greatest common divisor of j and 1336.
8
Suppose 0 = 4*s - 3*t - 368, -3*t - 492 + 29 = -5*s. Let h = s + -25. What is the highest common factor of 10 and h?
10
Suppose 6 = 2*d, -49*d + 53*d - 64 = -2*o. What is the highest common divisor of 26 and o?
26
Suppose -y + 67 = 3*k, 7*y - 3*y - 313 = -3*k. Let u = -811 - -852. Calculate the greatest common factor of y and u.
41
Let z = -73 - -103. Suppose -z = -4*o + s + 49, -2*s = o - 13. Suppose 181 = 5*k - o. Calculate the highest common factor of k and 20.
20
Suppose 3*j + 3*w - 231 = 0, 0*j - 2*w = -3*j + 216. Let y = j + -39. What is the greatest common divisor of y and 35?
35
Let w = 955 + -851. Calculate the greatest common divisor of 56 and w.
8
Suppose 17*m - n = 14*m + 322, -2*m + 214 = -n. Calculate the highest common factor of 12 and m.
12
Let h be (-111 - -95)/(2/(-40)). Calculate the greatest common divisor of h and 192.
64
Suppose w - 808 + 117 = -3*p, -4*p + 918 = 3*w. What is the greatest common factor of p and 14?
7
Let v(n) = 2*n**3 + 5*n**2 - 3*n - 1. Let o be v(5). Suppose -m = -j + 249, j = -2 - 3. Let z = m + o. What is the greatest common divisor of z and 15?
15
Let j(u) = 546 - 2*u + 18*u**2 - 542 - u. Let q be j(2). Calculate the greatest common divisor of 5 and q.
5
Let m be (-4)/7 + ((-2952)/56)/(-3). Let u(h) = -22*h + 30. Let q be u(-11). Calculate the highest common factor of m and q.
17
Suppose 0*y - 936 = 6*y. Let f = y - -159. What is the greatest common factor of f and 3?
3
Suppose -t = 4*z - 0*t - 416, 3*z - 299 = -4*t. Calculate the highest common divisor of z and 375.
15
Let l be (-16)/72 + 4/18. Let y be 3*5 + (-1 - l). Let s(r) = -12*r - 1. Let w be s(-3). What is the highest common divisor of y and w?
7
Suppose -2*r + 3*r = 78. Let s be (-7)/((-4 - 2)/r). Calculate the highest common divisor of 7 and s.
7
Let q be 45/135 + (-2661)/(-9). What is the highest common divisor of q and 518?
74
Suppose -3*g = -25 + 43. Let m be (-2)/(5 - -1)*g. Suppose -24 = -m*n + 24. What is the greatest common divisor of 16 and n?
8
Suppose 6*g - 26 = 4. Suppose -4*u - 3 = -g*u. What is the greatest common divisor of u and 18?
3
Let q be (-108)/16*(3/(-3) + -3). Suppose 28*x - 14 = q*x. What is the highest common divisor of 49 and x?
7
Let u(c) = -c**3 + 5*c**2 + 6*c. Let r be u(6). Suppose 6*j + r = 144. What is the highest common divisor of j and 8?
8
Let d(g) = -82*g - 8. Let h be d(-4). What is the greatest common divisor of 40 and h?
40
Let y be 20/((-5)/(-20) - 10/(-24)). Suppose 0 = 4*v - 2*v - 90. What is the highest common divisor of v and y?
15
Let l(t) = -6*t - 2. Let z be l(-2). Let i = 3169 + -3099. Calculate the highest common divisor of z and i.
10
Let t = 32 - 28. Suppose 21 = w - i + 3*i, -t*w + 4*i + 108 = 0. What is the greatest common divisor of 125 and w?
25
Suppose -4*j = -2*r - 574, 49*r = -3*j + 53*r + 428. What is the greatest common divisor of 320 and j?
16
Let x(q) = q**2 - 4*q - 3. Let b be x(8). What is the highest common divisor of 145 and b?
29
Let u = 661 + 1030. Calculate the greatest common divisor of 19 and u.
19
Let h be 3 + (-115)/30 - 437/(-6). Let q(p) = -p**2 + 8*p + 8. Let x be q(8). What is the highest common factor of h and x?
8
Let n(v) = 1 + 2*v - 3*v + 0 + 7. Let s be n(4). Suppose -142 = -4*t + 3*c - c, -22 = -t - s*c. Calculate the highest common factor of t and 17.
17
Let c(g) = -48*g + 199. Let d be c(3). What is the highest common divisor of 385 and d?
55
Let h = 788 + -176. Calculate the highest common factor of h and 136.
68
Let i(d) = 7*d**2 + 10*d - 37. Let g be i(3). Calculate the highest common divisor of 20 and g.
4
Let s be -2*(1 - 2)*67. What is the highest common divisor of s and 335?
67
Suppose -3*m = m - 216. Let h(c) = -2*c**2 - 12*c + 4*c**2 - 12 + 4. Let t be h(7). Calculate the greatest common divisor of t and m.
6
Let j = -398 + 405. What is the greatest common divisor of 455 and j?
7
Let o(w) = -w**2 + w + 13. Let g be o(3). Let p = g + 23. What is the highest common divisor of p and 12?
6
Suppose -5*h = -52*l + 48*l - 278, 0 = -2*h + 3*l + 114. Calculate the highest common divisor of h and 4.
2
Let d(o) = 2*o**2 + 6*o + 4. Let u be d(-4). What is the greatest common divisor of 852 and u?
12
Let f(j) be the second derivative of -7*j**3/6 - 8*j**2 - 15*j. Let m be f(-6). What is the greatest common divisor of m and 65?
13
Let v = 22 + -28. Let z be -2*34/(-4)*1. Let p = v + z. Calculate the greatest common factor of p and 11.
11
Let z = 85 - 13. What is the greatest common divisor of z and 360?
72
Let s(a) = a**2 + 16*a + 4. Let y be s(-20). What is the greatest common factor of y and 140?
28
Suppose 0 = -6*t + 116 + 82. Let n = -286 - -583. What is the highest common factor of n and t?
33
Let s be 32/(-12)*(-15)/4. Suppose -17*y = -4*y - 130. Calculate the greatest common divisor of s and y.
10
Let g be 5/35 - 40/(-14). Suppose -132 = g*p - 4*p. Calculate the highest common divisor of 12 and p.
12
Let x be (-44)/(-33) + (-44)/(-3). Calculate the greatest common factor of 92 and x.
4
Suppose -2*o + 176 = -24. What is the greatest common divisor of 75 and o?
25
Suppose -27*l + 10304 = l. What is the greatest common factor of l and 56?
8
Suppose 0 = -96*r + 19*r + 4235. What is the highest common divisor of 55 and r?
55
Let t = -153 - -315. What is the highest common divisor of 6 and t?
6
Suppose -3*c = -x - 147, -9*c = -4*c - 2*x - 246. What is the highest common factor of c and 240?
48
Suppose 2*c = -3*j + 16, -c + 3*c = 5*j - 32. Suppose 0*r = r - j. Calculate the greatest common divisor of r and 9.
3
Let p = 1395 - 1279. Calculate the greatest common divisor of p and 261.
29
Let f = -3 - -13. Suppose -f*o + 33 = -9*o. Calculate the highest common divisor of o and 22.
11
Let o(r) = -r. Let n(a) = -9*a + 2. Let x(p) = -n(p) + 4*o(p). Let q be x(7). What is the greatest common factor of 66 and q?
33
Suppose -27 - 4 = -2*r - 3*g, 2*g + 106 = 5*r. What is the greatest common divisor of 10 and r?
10
Suppose 3*s - 2*s - 18 = 0. Suppose -21*m - 10*m + 204 = 20*m. Calculate the highest common divisor of m and s.
2
Let n(w) = -49*w - 7. Let q be n(-3). Suppose -5*o = -0*o - q. What is the highest common divisor of 42 and o?
14
Let j(u) = u**2 - 1. Let f(y) = 2*y**2 - 4. Let m(v) = -3*f(v) + 8*j(v). Let r be m(0). What is the greatest common divisor of 24 and r?
4
Suppose 3*m + 28 = -11. Let t = m + 115. What is the greatest common divisor of 17 and t?
17
Let f be (10/(-4))/(1/(-14)). Let v = 279 + 36. Calculate the greatest common divisor of v and f.
35
Suppose 25*x = 29*x - 28. Suppose -x*o + 156 = -o. Let w(t) = t**3 - 12*t**2 + 10*t + 10. Let q be w(12). Calculate the highest common factor of o and q.
26
Let g(j) = j**2 + j + 1. Let r be g(-2). Let t(a) = -15 + r*a - 5*a + 12 + 3*a. Let u be t(16). Calculate the greatest common factor of 65 and u.
13
Suppose 34 - 10 = 4*j. What is the highest common divisor of j and 96?
6
Let b(u) = 7*u**3 + 2*u**2 - 3*u + 2. Let y be b(1). Suppose -36 = -5*z + 284. What is the greatest common factor of z and y?
8
Suppose -k = k - 2. Suppose -k = w, -5*a + 2*w = -0*a - 587. Suppose 6*o = 9*o - a. Calculate the highest common divisor of o and 13.
13
Let f = 1697 - 1469. Calculate the highest common divisor of 24 and f.
12
Let d(b) = 2*b**2 - 20*b + 23. Let h be d(10). Let k be h/46 - (-87)/2. What is the greatest common divisor of k and 66?
22
Let b(o) = -119*o - 57. Let k be b(-6). Calculate